{"id":727,"date":"2023-02-22T14:14:04","date_gmt":"2023-02-22T13:14:04","guid":{"rendered":"https:\/\/thierry-derparseghian.com\/?page_id=727"},"modified":"2023-03-23T10:50:18","modified_gmt":"2023-03-23T09:50:18","slug":"credits","status":"publish","type":"page","link":"https:\/\/thierry-derparseghian.com\/?page_id=727","title":{"rendered":"CREDITS"},"content":{"rendered":"\n<div style=\"height:100px\" aria-hidden=\"true\" class=\"wp-block-spacer\"><\/div>\n\n\n\n<h3 class=\"has-text-align-center wp-block-heading\">CR\u00c9DITS<\/h3>\n\n\n\n<p class=\"has-text-align-center\">Photo clap, fauteuil de metteur en sc\u00e8ne : \u00a9 Gee \u2013 Fotolia 157432324 \u2013 Licence XL<\/p>\n\n\n\n<p class=\"has-text-align-center\">Photo Cap Canaille : \u00a9&nbsp;<a href=\"https:\/\/www.iandeparges.com\/\">Ian de Parges<\/a><\/p>\n\n\n\n<p class=\"has-text-align-center\">Photo Tour Eiffel : \u00a9&nbsp;<a href=\"https:\/\/pixabay.com\/fr\/users\/skeeze-272447\/?utm_source=link-attribution&amp;utm_medium=referral&amp;utm_campaign=image&amp;utm_content=984733\">skeeze<\/a>&nbsp;de&nbsp;<a href=\"https:\/\/pixabay.com\/fr\/?utm_source=link-attribution&amp;utm_medium=referral&amp;utm_campaign=image&amp;utm_content=984733\">Pixabay<\/a><\/p>\n\n\n\n<p class=\"has-text-align-center\">Photo falaises d\u2019Etretat : \u00a9&nbsp;<a href=\"https:\/\/pixabay.com\/fr\/users\/453169-453169\/\">453169<\/a>&nbsp;de&nbsp;<a href=\"https:\/\/pixabay.com\/fr\/?utm_source=link-attribution&amp;utm_medium=referral&amp;utm_campaign=image&amp;utm_content=984733\">Pixabay<\/a><\/p>\n\n\n\n<p class=\"has-text-align-center\">Photo fauteuils rouges : \u00a9<a href=\"https:\/\/www.rawpixel.com\/teddy\">&nbsp;Teddy rawpixel.com<\/a><\/p>\n\n\n\n<p class=\"has-text-align-center\">Photo th\u00e9\u00e2tre : \u00a9&nbsp;<a href=\"https:\/\/pixabay.com\/fr\/users\/TravelCoffeeBook-692530\/?utm_source=link-attribution&amp;utm_medium=referral&amp;utm_campaign=image&amp;utm_content=594592\">TravelCoffeeBook<\/a>&nbsp;de&nbsp;<a href=\"https:\/\/pixabay.com\/fr\/?utm_source=link-attribution&amp;utm_medium=referral&amp;utm_campaign=image&amp;utm_content=594592\">Pixabay<\/a><\/p>\n\n\n\n<p class=\"has-text-align-center\">Photo Coline Fournier : \u00a9&nbsp;<a href=\"https:\/\/pixabay.com\/fr\/photos\/femme-d-affaires-entreprise-fille-1584654\/\">xusenru<\/a>&nbsp;de&nbsp;<a href=\"https:\/\/pixabay.com\/fr\/?utm_source=link-attribution&amp;utm_medium=referral&amp;utm_campaign=image&amp;utm_content=594592\">Pixabay<\/a><\/p>\n\n\n\n<p class=\"has-text-align-center\">Photo Jean-Claude P\u00e9z\u00e9venc : \u00a9 dilsileimonteiro de&nbsp;<a href=\"https:\/\/pixabay.com\/fr\/?utm_source=link-attribution&amp;utm_medium=referral&amp;utm_campaign=image&amp;utm_content=594592\">Pixabay<\/a><\/p>\n\n\n\n<p class=\"has-text-align-center\">Photo Gaston Kakoudor : \u00a9&nbsp;<a href=\"https:\/\/pixabay.com\/fr\/?utm_source=link-attribution&amp;utm_medium=referral&amp;utm_campaign=image&amp;utm_content=594592\">Pixabay<\/a><\/p>\n\n\n\n<p class=\"has-text-align-center\">Photo Gab Adzavel : \u00a9&nbsp;<a href=\"https:\/\/pixabay.com\/fr\/?utm_source=link-attribution&amp;utm_medium=referral&amp;utm_campaign=image&amp;utm_content=594592\">Pixabay<\/a><\/p>\n\n\n\n<p class=\"has-text-align-center\">Photo Pierre-Emmanuel Tcheup : \u00a9&nbsp;<a href=\"https:\/\/pixabay.com\/fr\/users\/eddy_blondey-14124309\/\">Eddy_Blondey<\/a>&nbsp;de&nbsp;<a href=\"https:\/\/pixabay.com\/fr\/?utm_source=link-attribution&amp;utm_medium=referral&amp;utm_campaign=image&amp;utm_content=594592\">Pixabay<\/a><\/p>\n\n\n\n<p class=\"has-text-align-center\">Photo Lo\u00efc Pocha \/ Erwan Dangualard : \u00a9&nbsp;<a href=\"https:\/\/pixabay.com\/fr\/users\/clard-6995126\/\">Clard<\/a>&nbsp;&nbsp;de&nbsp;<a href=\"https:\/\/pixabay.com\/fr\/?utm_source=link-attribution&amp;utm_medium=referral&amp;utm_campaign=image&amp;utm_content=594592\">Pixabay<\/a><\/p>\n\n\n\n<p class=\"has-text-align-center\">Photo machines \u00e0 sous : \u00a9&nbsp;<a href=\"https:\/\/pixabay.com\/fr\/users\/djedj-59194\/\">djedj<\/a>&nbsp;de&nbsp;<a href=\"https:\/\/pixabay.com\/fr\/?utm_source=link-attribution&amp;utm_medium=referral&amp;utm_campaign=image&amp;utm_content=594592\">Pixabay<\/a><\/p>\n\n\n\n<p class=\"has-text-align-center\">Photo table de jeu casino : \u00a9&nbsp;<a href=\"https:\/\/www.pexels.com\/@kaysha-147543\">Kaysha<\/a>&nbsp;de&nbsp;<a href=\"https:\/\/pixabay.com\/fr\/?utm_source=link-attribution&amp;utm_medium=referral&amp;utm_campaign=image&amp;utm_content=594592\">Pixabay<\/a><\/p>\n\n\n\n<p class=\"has-text-align-center\">Photo cam\u00e9ra tournage : \u00a9&nbsp;<a href=\"https:\/\/www.pexels.com\/fr-fr\/@minhle17vn\">L\u00ea Minh<\/a>&nbsp;de&nbsp;<a href=\"https:\/\/pixabay.com\/fr\/?utm_source=link-attribution&amp;utm_medium=referral&amp;utm_campaign=image&amp;utm_content=594592\">Pixabay<\/a><\/p>\n\n\n\n<p class=\"has-text-align-center\">Photo Alice de Caulincourt : \u00a9&nbsp;<a href=\"https:\/\/www.pexels.com\/de-de\/@cottonbro\">Cottonbro<\/a>&nbsp;de&nbsp;<a href=\"https:\/\/www.pexels.com\/\">Pexels<\/a><\/p>\n\n\n\n<p class=\"has-text-align-center\">Photo Marjorie Levasseur : \u00a9&nbsp;<a href=\"https:\/\/www.pexels.com\/de-de\/@cottonbro\">Maria Orlova<\/a>&nbsp;de&nbsp;<a href=\"https:\/\/www.pexels.com\/\">Pexels<\/a><\/p>\n\n\n\n<p class=\"has-text-align-center\">Photo Paris la D\u00e9fense : \u00a9&nbsp;<a href=\"https:\/\/pixabay.com\/fr\/users\/cocoparisienne-127419\/\">cocoparisienne<\/a>&nbsp;de&nbsp;<a href=\"https:\/\/pixabay.com\/fr\/?utm_source=link-attribution&amp;utm_medium=referral&amp;utm_campaign=image&amp;utm_content=594592\">Pixaba<\/a><\/p>\n\n\n\n<p class=\"has-text-align-center\">Photo Guillaume Verkleven : \u00a9&nbsp;<a href=\"https:\/\/www.freepik.com\/cookie_studio\">cookie_studio<\/a>&nbsp;de&nbsp;<a href=\"https:\/\/www.freepik.com\/\">Freepick<\/a><\/p>\n\n\n\n<p class=\"has-text-align-center has-medium-gray-color has-text-color\"><strong>Droits d\u2019auteur :<\/strong><br>Toute reproduction int\u00e9grale ou partielle faite par quelque proc\u00e9d\u00e9 que ce soit, sans le consentement de l\u2019auteur ou de son ayant droit ou ayant cause, est illicite et constitue une contrefa\u00e7on, aux termes des articles L.335-2 et suivants du Code de la propri\u00e9t\u00e9 intellectuelle. Tous droits de reproduction, d\u2019adaptation et de traduction, r\u00e9serv\u00e9s pour tous pays.<\/p>\n\n\n\n<p class=\"has-text-align-center has-medium-gray-color has-text-color\"><em>Le Code de la propri\u00e9t\u00e9 intellectuelle et artistique n\u2019autorisant, aux termes des alin\u00e9as 2 et 3 de l\u2019article L.122-5, d\u2019une part, que les \u00ab copies ou reproductions strictement r\u00e9serv\u00e9es \u00e0 l\u2019usage priv\u00e9 du copiste et non destin\u00e9es \u00e0 une utilisation collective \u00bb et, d\u2019autre part, que les analyses et les courtes citations dans un but d\u2019exemple et d\u2019illustration, \u00ab toute repr\u00e9sentation ou reproduction int\u00e9grale, ou partielle, faite sans le consentement de l\u2019auteur ou de ses ayants droit ou ayants cause, est illicite \u00bb (alin\u00e9a 1er de l\u2019article L. 122-4). Cette repr\u00e9sentation ou reproduction, par quelque proc\u00e9d\u00e9 que ce soit, constituerait donc une contrefa\u00e7on sanctionn\u00e9e par les articles 425 et suivants du Code p\u00e9nal.<\/em>&nbsp;<\/p>\n\n\n\n<div style=\"height:100px\" aria-hidden=\"true\" class=\"wp-block-spacer\"><\/div>\n","protected":false},"excerpt":{"rendered":"<p>CR\u00c9DITS Photo clap, fauteuil de metteur en sc\u00e8ne : \u00a9 Gee \u2013 Fotolia 157432324 \u2013<\/p>\n<p class=\"more-link\"><a href=\"https:\/\/thierry-derparseghian.com\/?page_id=727\" class=\"readmore\">Continue reading<span class=\"screen-reader-text\">CREDITS<\/span><\/a><\/p>\n","protected":false},"author":1,"featured_media":0,"parent":0,"menu_order":0,"comment_status":"closed","ping_status":"closed","template":"","meta":{"footnotes":""},"class_list":["post-727","page","type-page","status-publish","hentry"],"yoast_head":"<!-- This site is optimized with the Yoast SEO plugin v20.3 - https:\/\/yoast.com\/wordpress\/plugins\/seo\/ -->\n<title>CREDITS - Thierry DER-PARSEGHIAN<\/title>\n<meta name=\"description\" content=\"Toute reproduction int\u00e9grale ou partielle faite par quelque proc\u00e9d\u00e9 que ce soit, sans le consentement de l\u2019auteur ou de son ayant droit ou ayant cause, est illicite et constitue une contrefa\u00e7on, aux termes des articles L.335-2 et suivants du Code de la propri\u00e9t\u00e9 intellectuelle. Tous droits de reproduction, d\u2019adaptation et de traduction, r\u00e9serv\u00e9s pour tous pays.\" \/>\n<meta name=\"robots\" content=\"index, follow, max-snippet:-1, max-image-preview:large, max-video-preview:-1\" \/>\n<link rel=\"canonical\" href=\"https:\/\/thierry-derparseghian.com\/?page_id=727\" \/>\n<meta property=\"og:locale\" content=\"fr_FR\" \/>\n<meta property=\"og:type\" content=\"article\" \/>\n<meta property=\"og:title\" content=\"CREDITS - Thierry DER-PARSEGHIAN\" \/>\n<meta property=\"og:description\" content=\"Toute reproduction int\u00e9grale ou partielle faite par quelque proc\u00e9d\u00e9 que ce soit, sans le consentement de l\u2019auteur ou de son ayant droit ou ayant cause, est illicite et constitue une contrefa\u00e7on, aux termes des articles L.335-2 et suivants du Code de la propri\u00e9t\u00e9 intellectuelle. Tous droits de reproduction, d\u2019adaptation et de traduction, r\u00e9serv\u00e9s pour tous pays.\" \/>\n<meta property=\"og:url\" content=\"https:\/\/thierry-derparseghian.com\/?page_id=727\" \/>\n<meta property=\"og:site_name\" content=\"Thierry DER-PARSEGHIAN\" \/>\n<meta property=\"article:modified_time\" content=\"2023-03-23T09:50:18+00:00\" \/>\n<meta name=\"twitter:card\" content=\"summary_large_image\" \/>\n<meta name=\"twitter:label1\" content=\"Dur\u00e9e de lecture estim\u00e9e\" \/>\n\t<meta name=\"twitter:data1\" content=\"2 minutes\" \/>\n<script type=\"application\/ld+json\" class=\"yoast-schema-graph\">{\"@context\":\"https:\/\/schema.org\",\"@graph\":[{\"@type\":\"WebPage\",\"@id\":\"https:\/\/thierry-derparseghian.com\/?page_id=727\",\"url\":\"https:\/\/thierry-derparseghian.com\/?page_id=727\",\"name\":\"CREDITS - Thierry DER-PARSEGHIAN\",\"isPartOf\":{\"@id\":\"https:\/\/thierry-derparseghian.com\/#website\"},\"datePublished\":\"2023-02-22T13:14:04+00:00\",\"dateModified\":\"2023-03-23T09:50:18+00:00\",\"description\":\"Toute reproduction int\u00e9grale ou partielle faite par quelque proc\u00e9d\u00e9 que ce soit, sans le consentement de l\u2019auteur ou de son ayant droit ou ayant cause, est illicite et constitue une contrefa\u00e7on, aux termes des articles L.335-2 et suivants du Code de la propri\u00e9t\u00e9 intellectuelle. Tous droits de reproduction, d\u2019adaptation et de traduction, r\u00e9serv\u00e9s pour tous pays.\",\"breadcrumb\":{\"@id\":\"https:\/\/thierry-derparseghian.com\/?page_id=727#breadcrumb\"},\"inLanguage\":\"fr-FR\",\"potentialAction\":[{\"@type\":\"ReadAction\",\"target\":[\"https:\/\/thierry-derparseghian.com\/?page_id=727\"]}]},{\"@type\":\"BreadcrumbList\",\"@id\":\"https:\/\/thierry-derparseghian.com\/?page_id=727#breadcrumb\",\"itemListElement\":[{\"@type\":\"ListItem\",\"position\":1,\"name\":\"Accueil\",\"item\":\"https:\/\/thierry-derparseghian.com\/\"},{\"@type\":\"ListItem\",\"position\":2,\"name\":\"CREDITS\"}]},{\"@type\":\"WebSite\",\"@id\":\"https:\/\/thierry-derparseghian.com\/#website\",\"url\":\"https:\/\/thierry-derparseghian.com\/\",\"name\":\"Thierry DER-PARSEGHIAN\",\"description\":\"Auteur, romancier\",\"publisher\":{\"@id\":\"https:\/\/thierry-derparseghian.com\/#\/schema\/person\/bd0e1bb200ca983d4c3359b2aa055508\"},\"inLanguage\":\"fr-FR\"},{\"@type\":[\"Person\",\"Organization\"],\"@id\":\"https:\/\/thierry-derparseghian.com\/#\/schema\/person\/bd0e1bb200ca983d4c3359b2aa055508\",\"name\":\"tdp\",\"image\":{\"@type\":\"ImageObject\",\"inLanguage\":\"fr-FR\",\"@id\":\"https:\/\/thierry-derparseghian.com\/#\/schema\/person\/image\/\",\"url\":\"https:\/\/thierry-derparseghian.com\/wp-content\/uploads\/2023\/03\/thierry_der-parseghian_500.jpg\",\"contentUrl\":\"https:\/\/thierry-derparseghian.com\/wp-content\/uploads\/2023\/03\/thierry_der-parseghian_500.jpg\",\"width\":500,\"height\":613,\"caption\":\"tdp\"},\"logo\":{\"@id\":\"https:\/\/thierry-derparseghian.com\/#\/schema\/person\/image\/\"},\"description\":\"Thierry DER-PARSEGHIAN est un auteur, romancier fran\u00e7ais n\u00e9 \u00e0 Marseille. Il enseigne le marketing, la strat\u00e9gie d'entreprise et le management commercial en \u00e9cole de commerce. Il publie \u00e9galement des ouvrages scolaires destin\u00e9s \u00e0 l'enseignement sup\u00e9rieur, mais aussi, par pure passion pour la gastronomie, des livres de cuisine !\",\"sameAs\":[\"https:\/\/thierry-derparseghian.com\",\"https:\/\/fr.linkedin.com\/in\/thierry-der-parseghian\"]}]}<\/script>\n<!-- \/ Yoast SEO plugin. -->","yoast_head_json":{"title":"CREDITS - Thierry DER-PARSEGHIAN","description":"Toute reproduction int\u00e9grale ou partielle faite par quelque proc\u00e9d\u00e9 que ce soit, sans le consentement de l\u2019auteur ou de son ayant droit ou ayant cause, est illicite et constitue une contrefa\u00e7on, aux termes des articles L.335-2 et suivants du Code de la propri\u00e9t\u00e9 intellectuelle. Tous droits de reproduction, d\u2019adaptation et de traduction, r\u00e9serv\u00e9s pour tous pays.","robots":{"index":"index","follow":"follow","max-snippet":"max-snippet:-1","max-image-preview":"max-image-preview:large","max-video-preview":"max-video-preview:-1"},"canonical":"https:\/\/thierry-derparseghian.com\/?page_id=727","og_locale":"fr_FR","og_type":"article","og_title":"CREDITS - Thierry DER-PARSEGHIAN","og_description":"Toute reproduction int\u00e9grale ou partielle faite par quelque proc\u00e9d\u00e9 que ce soit, sans le consentement de l\u2019auteur ou de son ayant droit ou ayant cause, est illicite et constitue une contrefa\u00e7on, aux termes des articles L.335-2 et suivants du Code de la propri\u00e9t\u00e9 intellectuelle. Tous droits de reproduction, d\u2019adaptation et de traduction, r\u00e9serv\u00e9s pour tous pays.","og_url":"https:\/\/thierry-derparseghian.com\/?page_id=727","og_site_name":"Thierry DER-PARSEGHIAN","article_modified_time":"2023-03-23T09:50:18+00:00","twitter_card":"summary_large_image","twitter_misc":{"Dur\u00e9e de lecture estim\u00e9e":"2 minutes"},"schema":{"@context":"https:\/\/schema.org","@graph":[{"@type":"WebPage","@id":"https:\/\/thierry-derparseghian.com\/?page_id=727","url":"https:\/\/thierry-derparseghian.com\/?page_id=727","name":"CREDITS - Thierry DER-PARSEGHIAN","isPartOf":{"@id":"https:\/\/thierry-derparseghian.com\/#website"},"datePublished":"2023-02-22T13:14:04+00:00","dateModified":"2023-03-23T09:50:18+00:00","description":"Toute reproduction int\u00e9grale ou partielle faite par quelque proc\u00e9d\u00e9 que ce soit, sans le consentement de l\u2019auteur ou de son ayant droit ou ayant cause, est illicite et constitue une contrefa\u00e7on, aux termes des articles L.335-2 et suivants du Code de la propri\u00e9t\u00e9 intellectuelle. Tous droits de reproduction, d\u2019adaptation et de traduction, r\u00e9serv\u00e9s pour tous pays.","breadcrumb":{"@id":"https:\/\/thierry-derparseghian.com\/?page_id=727#breadcrumb"},"inLanguage":"fr-FR","potentialAction":[{"@type":"ReadAction","target":["https:\/\/thierry-derparseghian.com\/?page_id=727"]}]},{"@type":"BreadcrumbList","@id":"https:\/\/thierry-derparseghian.com\/?page_id=727#breadcrumb","itemListElement":[{"@type":"ListItem","position":1,"name":"Accueil","item":"https:\/\/thierry-derparseghian.com\/"},{"@type":"ListItem","position":2,"name":"CREDITS"}]},{"@type":"WebSite","@id":"https:\/\/thierry-derparseghian.com\/#website","url":"https:\/\/thierry-derparseghian.com\/","name":"Thierry DER-PARSEGHIAN","description":"Auteur, romancier","publisher":{"@id":"https:\/\/thierry-derparseghian.com\/#\/schema\/person\/bd0e1bb200ca983d4c3359b2aa055508"},"inLanguage":"fr-FR"},{"@type":["Person","Organization"],"@id":"https:\/\/thierry-derparseghian.com\/#\/schema\/person\/bd0e1bb200ca983d4c3359b2aa055508","name":"tdp","image":{"@type":"ImageObject","inLanguage":"fr-FR","@id":"https:\/\/thierry-derparseghian.com\/#\/schema\/person\/image\/","url":"https:\/\/thierry-derparseghian.com\/wp-content\/uploads\/2023\/03\/thierry_der-parseghian_500.jpg","contentUrl":"https:\/\/thierry-derparseghian.com\/wp-content\/uploads\/2023\/03\/thierry_der-parseghian_500.jpg","width":500,"height":613,"caption":"tdp"},"logo":{"@id":"https:\/\/thierry-derparseghian.com\/#\/schema\/person\/image\/"},"description":"Thierry DER-PARSEGHIAN est un auteur, romancier fran\u00e7ais n\u00e9 \u00e0 Marseille. Il enseigne le marketing, la strat\u00e9gie d'entreprise et le management commercial en \u00e9cole de commerce. Il publie \u00e9galement des ouvrages scolaires destin\u00e9s \u00e0 l'enseignement sup\u00e9rieur, mais aussi, par pure passion pour la gastronomie, des livres de cuisine !","sameAs":["https:\/\/thierry-derparseghian.com","https:\/\/fr.linkedin.com\/in\/thierry-der-parseghian"]}]}},"_links":{"self":[{"href":"https:\/\/thierry-derparseghian.com\/index.php?rest_route=\/wp\/v2\/pages\/727","targetHints":{"allow":["GET"]}}],"collection":[{"href":"https:\/\/thierry-derparseghian.com\/index.php?rest_route=\/wp\/v2\/pages"}],"about":[{"href":"https:\/\/thierry-derparseghian.com\/index.php?rest_route=\/wp\/v2\/types\/page"}],"author":[{"embeddable":true,"href":"https:\/\/thierry-derparseghian.com\/index.php?rest_route=\/wp\/v2\/users\/1"}],"replies":[{"embeddable":true,"href":"https:\/\/thierry-derparseghian.com\/index.php?rest_route=%2Fwp%2Fv2%2Fcomments&post=727"}],"version-history":[{"count":8,"href":"https:\/\/thierry-derparseghian.com\/index.php?rest_route=\/wp\/v2\/pages\/727\/revisions"}],"predecessor-version":[{"id":1497,"href":"https:\/\/thierry-derparseghian.com\/index.php?rest_route=\/wp\/v2\/pages\/727\/revisions\/1497"}],"wp:attachment":[{"href":"https:\/\/thierry-derparseghian.com\/index.php?rest_route=%2Fwp%2Fv2%2Fmedia&parent=727"}],"curies":[{"name":"wp","href":"https:\/\/api.w.org\/{rel}","templated":true}]}}