{"id":926,"date":"2023-02-28T16:38:36","date_gmt":"2023-02-28T15:38:36","guid":{"rendered":"https:\/\/thierry-derparseghian.com\/?page_id=926"},"modified":"2023-03-09T14:52:38","modified_gmt":"2023-03-09T13:52:38","slug":"education","status":"publish","type":"page","link":"https:\/\/thierry-derparseghian.com\/?page_id=926&lang=en","title":{"rendered":"EDUCATION"},"content":{"rendered":"\n<div style=\"height:100px\" aria-hidden=\"true\" class=\"wp-block-spacer\"><\/div>\n\n\n\n<div class=\"alignwide\"><div id=\"metaslider-id-695\" style=\"width: 100%; margin: 0 auto;\" class=\"ml-slider-3-28-3 metaslider metaslider-flex metaslider-695 ml-slider\">\n    <div id=\"metaslider_container_695\">\n        <div id=\"metaslider_695\" class=\"flexslider\">\n            <ul aria-live=\"polite\" class=\"slides\">\n                <li style=\"display: block; width: 100%;\" class=\"slide-696 ms-image\"><img decoding=\"async\" src=\"https:\/\/thierry-derparseghian.com\/wp-content\/uploads\/2023\/02\/le-diagnostic-strategique-thierry-derparseghian-0x0.jpg\" alt=\"\" class=\"slider-695 slide-696\" title=\"le-diagnostic-strategique\" \/><\/li>\n            <\/ul>\n        <\/div>\n        \n    <\/div>\n<\/div><\/div>\n\n\n\n<h3 class=\"has-text-align-center wp-block-heading\">THE STRATEGIC DIAGNOSIS (french edition)<\/h3>\n\n\n\n<div class=\"wp-block-media-text alignwide is-stacked-on-mobile\" style=\"grid-template-columns:32% auto\"><figure class=\"wp-block-media-text__media\"><img loading=\"lazy\" decoding=\"async\" width=\"870\" height=\"1024\" src=\"https:\/\/thierry-derparseghian.com\/wp-content\/uploads\/2023\/02\/diag-livre-870x1024.png\" alt=\"\" class=\"wp-image-496 size-full\" srcset=\"https:\/\/thierry-derparseghian.com\/wp-content\/uploads\/2023\/02\/diag-livre-870x1024.png 870w, https:\/\/thierry-derparseghian.com\/wp-content\/uploads\/2023\/02\/diag-livre-255x300.png 255w, https:\/\/thierry-derparseghian.com\/wp-content\/uploads\/2023\/02\/diag-livre-768x904.png 768w, https:\/\/thierry-derparseghian.com\/wp-content\/uploads\/2023\/02\/diag-livre-1304x1536.png 1304w, https:\/\/thierry-derparseghian.com\/wp-content\/uploads\/2023\/02\/diag-livre-1739x2048.png 1739w\" sizes=\"auto, (max-width: 870px) 100vw, 870px\" \/><\/figure><div class=\"wp-block-media-text__content\">\n<p class=\"has-medium-gray-color has-text-color\"><p style=\"text-align: justify; text-indent: 15px;\">The strategic diagnosis concerns all companies, regardless of their size. Like a medical check-up, each structure should have its own consultant. For what ? Because nothing is taken for granted. Marketing is not an exact science: otherwise we would all be millionaires! And entering a market without having a clear positioning, accompanied by a solid battle plan for success, would in itself be a big mistake. <\/p><\/p>\n\n\n\n<p><p class=\"justification\" style=\"text-align: justify; text-indent: 15px;\">The diagnosis requires reflection, taking a step back, thoughtful and objective analysis of the complex and unstable environment within which the company is evolving: the detection of opportunities and threats makes it possible to anticipate and plan in order to act better. The internal analysis of the organization ensures, for its part, the highlighting of its strengths and weaknesses, a necessary and prior step to any strategic decision-making that commits the company in the long term. Still it is necessary to do it in the rules of the art by respecting step-by-step the methodology: joint studies of the macro, meso, micro and e-environment (PESTEL, sector of activity, 5 competitive forces, branch, sector, supply and demand, strategic groups, key success factors, location, area of \u200b\u200battraction, customers, competitors, administrations, partners, social media, influencers, Google reviews, etc.).<\/p><\/p>\n\n\n\n<p class=\"has-medium-gray-color has-text-color\"><p class=\"justification\" style=\"text-align: justify; text-indent: 15px;\">Then comes the company audit: value chain, tangible and intangible resources, capabilities, VRIO model, core competencies, competitive advantage, SWOT, TOWS, BCG, ADL and McKinsey matrices. In short, a strategic diagnosis cannot be improvised. It makes it possible to detect a problem in time and to solve it by choosing the best possible solution to sustain the company&rsquo;s activities in the long term. <\/p><\/p>\n\n\n\n<p class=\"has-medium-gray-color has-text-color\"><p class=\"has-text-align-center\">This book is aimed at students, consultants and business leaders. It uses the decision support tools developed by the greatest authors and contains a wealth of data and documentary sources to find the right information at the right time.<\/p><\/p>\n<\/div><\/div>\n\n\n\n<div class=\"wp-block-buttons is-layout-flex wp-block-buttons-is-layout-flex\">\n<div class=\"wp-block-button\"><a class=\"wp-block-button__link wp-element-button\" href=\"https:\/\/flipbookpdf.net\/web\/site\/e17e8cac954f9b699fc170690b517e4f9c5b0979202302.pdf.html\" target=\"_blank\" rel=\"noreferrer noopener\">FREE EXTRACT!<\/a><\/div>\n<\/div>\n\n\n\n<div style=\"height:100px\" aria-hidden=\"true\" class=\"wp-block-spacer\"><\/div>\n","protected":false},"excerpt":{"rendered":"<p>THE STRATEGIC DIAGNOSIS (french edition) The strategic diagnosis concerns all companies, regardless of their size.<\/p>\n<p class=\"more-link\"><a href=\"https:\/\/thierry-derparseghian.com\/?page_id=926&#038;lang=en\" class=\"readmore\">Continue reading<span class=\"screen-reader-text\">EDUCATION<\/span><\/a><\/p>\n","protected":false},"author":1,"featured_media":0,"parent":0,"menu_order":0,"comment_status":"closed","ping_status":"closed","template":"","meta":{"footnotes":""},"class_list":["post-926","page","type-page","status-publish","hentry"],"yoast_head":"<!-- This site is optimized with the Yoast SEO plugin v20.3 - https:\/\/yoast.com\/wordpress\/plugins\/seo\/ -->\n<title>EDUCATION - Thierry DER-PARSEGHIAN<\/title>\n<meta name=\"robots\" content=\"index, follow, max-snippet:-1, max-image-preview:large, max-video-preview:-1\" \/>\n<link rel=\"canonical\" href=\"https:\/\/thierry-derparseghian.com\/?page_id=926&lang=en\" \/>\n<meta property=\"og:locale\" content=\"fr_FR\" \/>\n<meta property=\"og:type\" content=\"article\" \/>\n<meta property=\"og:title\" content=\"EDUCATION - Thierry DER-PARSEGHIAN\" \/>\n<meta property=\"og:description\" content=\"THE STRATEGIC DIAGNOSIS (french edition) The strategic diagnosis concerns all companies, regardless of their size.Continue readingEDUCATION\" \/>\n<meta property=\"og:url\" content=\"https:\/\/thierry-derparseghian.com\/?page_id=926&amp;lang=en\" \/>\n<meta property=\"og:site_name\" content=\"Thierry DER-PARSEGHIAN\" \/>\n<meta property=\"article:modified_time\" content=\"2023-03-09T13:52:38+00:00\" \/>\n<meta property=\"og:image\" content=\"https:\/\/thierry-derparseghian.com\/wp-content\/uploads\/2023\/02\/diag-livre-870x1024.png\" \/>\n<meta name=\"twitter:card\" content=\"summary_large_image\" \/>\n<meta name=\"twitter:label1\" content=\"Dur\u00e9e de lecture estim\u00e9e\" \/>\n\t<meta name=\"twitter:data1\" content=\"2 minutes\" \/>\n<script type=\"application\/ld+json\" class=\"yoast-schema-graph\">{\"@context\":\"https:\/\/schema.org\",\"@graph\":[{\"@type\":\"WebPage\",\"@id\":\"https:\/\/thierry-derparseghian.com\/?page_id=926&lang=en\",\"url\":\"https:\/\/thierry-derparseghian.com\/?page_id=926&lang=en\",\"name\":\"EDUCATION - Thierry DER-PARSEGHIAN\",\"isPartOf\":{\"@id\":\"https:\/\/thierry-derparseghian.com\/#website\"},\"datePublished\":\"2023-02-28T15:38:36+00:00\",\"dateModified\":\"2023-03-09T13:52:38+00:00\",\"breadcrumb\":{\"@id\":\"https:\/\/thierry-derparseghian.com\/?page_id=926&lang=en#breadcrumb\"},\"inLanguage\":\"fr-FR\",\"potentialAction\":[{\"@type\":\"ReadAction\",\"target\":[\"https:\/\/thierry-derparseghian.com\/?page_id=926&lang=en\"]}]},{\"@type\":\"BreadcrumbList\",\"@id\":\"https:\/\/thierry-derparseghian.com\/?page_id=926&lang=en#breadcrumb\",\"itemListElement\":[{\"@type\":\"ListItem\",\"position\":1,\"name\":\"Accueil\",\"item\":\"https:\/\/thierry-derparseghian.com\/\"},{\"@type\":\"ListItem\",\"position\":2,\"name\":\"EDUCATION\"}]},{\"@type\":\"WebSite\",\"@id\":\"https:\/\/thierry-derparseghian.com\/#website\",\"url\":\"https:\/\/thierry-derparseghian.com\/\",\"name\":\"Thierry DER-PARSEGHIAN\",\"description\":\"Auteur, romancier\",\"publisher\":{\"@id\":\"https:\/\/thierry-derparseghian.com\/#\/schema\/person\/bd0e1bb200ca983d4c3359b2aa055508\"},\"inLanguage\":\"fr-FR\"},{\"@type\":[\"Person\",\"Organization\"],\"@id\":\"https:\/\/thierry-derparseghian.com\/#\/schema\/person\/bd0e1bb200ca983d4c3359b2aa055508\",\"name\":\"tdp\",\"image\":{\"@type\":\"ImageObject\",\"inLanguage\":\"fr-FR\",\"@id\":\"https:\/\/thierry-derparseghian.com\/#\/schema\/person\/image\/\",\"url\":\"https:\/\/thierry-derparseghian.com\/wp-content\/uploads\/2023\/03\/thierry_der-parseghian_500.jpg\",\"contentUrl\":\"https:\/\/thierry-derparseghian.com\/wp-content\/uploads\/2023\/03\/thierry_der-parseghian_500.jpg\",\"width\":500,\"height\":613,\"caption\":\"tdp\"},\"logo\":{\"@id\":\"https:\/\/thierry-derparseghian.com\/#\/schema\/person\/image\/\"},\"description\":\"Thierry DER-PARSEGHIAN est un auteur, romancier fran\u00e7ais n\u00e9 \u00e0 Marseille. Il enseigne le marketing, la strat\u00e9gie d'entreprise et le management commercial en \u00e9cole de commerce. Il publie \u00e9galement des ouvrages scolaires destin\u00e9s \u00e0 l'enseignement sup\u00e9rieur, mais aussi, par pure passion pour la gastronomie, des livres de cuisine !\",\"sameAs\":[\"https:\/\/thierry-derparseghian.com\",\"https:\/\/fr.linkedin.com\/in\/thierry-der-parseghian\"]}]}<\/script>\n<!-- \/ Yoast SEO plugin. -->","yoast_head_json":{"title":"EDUCATION - Thierry DER-PARSEGHIAN","robots":{"index":"index","follow":"follow","max-snippet":"max-snippet:-1","max-image-preview":"max-image-preview:large","max-video-preview":"max-video-preview:-1"},"canonical":"https:\/\/thierry-derparseghian.com\/?page_id=926&lang=en","og_locale":"fr_FR","og_type":"article","og_title":"EDUCATION - Thierry DER-PARSEGHIAN","og_description":"THE STRATEGIC DIAGNOSIS (french edition) The strategic diagnosis concerns all companies, regardless of their size.Continue readingEDUCATION","og_url":"https:\/\/thierry-derparseghian.com\/?page_id=926&lang=en","og_site_name":"Thierry DER-PARSEGHIAN","article_modified_time":"2023-03-09T13:52:38+00:00","og_image":[{"url":"https:\/\/thierry-derparseghian.com\/wp-content\/uploads\/2023\/02\/diag-livre-870x1024.png"}],"twitter_card":"summary_large_image","twitter_misc":{"Dur\u00e9e de lecture estim\u00e9e":"2 minutes"},"schema":{"@context":"https:\/\/schema.org","@graph":[{"@type":"WebPage","@id":"https:\/\/thierry-derparseghian.com\/?page_id=926&lang=en","url":"https:\/\/thierry-derparseghian.com\/?page_id=926&lang=en","name":"EDUCATION - Thierry DER-PARSEGHIAN","isPartOf":{"@id":"https:\/\/thierry-derparseghian.com\/#website"},"datePublished":"2023-02-28T15:38:36+00:00","dateModified":"2023-03-09T13:52:38+00:00","breadcrumb":{"@id":"https:\/\/thierry-derparseghian.com\/?page_id=926&lang=en#breadcrumb"},"inLanguage":"fr-FR","potentialAction":[{"@type":"ReadAction","target":["https:\/\/thierry-derparseghian.com\/?page_id=926&lang=en"]}]},{"@type":"BreadcrumbList","@id":"https:\/\/thierry-derparseghian.com\/?page_id=926&lang=en#breadcrumb","itemListElement":[{"@type":"ListItem","position":1,"name":"Accueil","item":"https:\/\/thierry-derparseghian.com\/"},{"@type":"ListItem","position":2,"name":"EDUCATION"}]},{"@type":"WebSite","@id":"https:\/\/thierry-derparseghian.com\/#website","url":"https:\/\/thierry-derparseghian.com\/","name":"Thierry DER-PARSEGHIAN","description":"Auteur, romancier","publisher":{"@id":"https:\/\/thierry-derparseghian.com\/#\/schema\/person\/bd0e1bb200ca983d4c3359b2aa055508"},"inLanguage":"fr-FR"},{"@type":["Person","Organization"],"@id":"https:\/\/thierry-derparseghian.com\/#\/schema\/person\/bd0e1bb200ca983d4c3359b2aa055508","name":"tdp","image":{"@type":"ImageObject","inLanguage":"fr-FR","@id":"https:\/\/thierry-derparseghian.com\/#\/schema\/person\/image\/","url":"https:\/\/thierry-derparseghian.com\/wp-content\/uploads\/2023\/03\/thierry_der-parseghian_500.jpg","contentUrl":"https:\/\/thierry-derparseghian.com\/wp-content\/uploads\/2023\/03\/thierry_der-parseghian_500.jpg","width":500,"height":613,"caption":"tdp"},"logo":{"@id":"https:\/\/thierry-derparseghian.com\/#\/schema\/person\/image\/"},"description":"Thierry DER-PARSEGHIAN est un auteur, romancier fran\u00e7ais n\u00e9 \u00e0 Marseille. Il enseigne le marketing, la strat\u00e9gie d'entreprise et le management commercial en \u00e9cole de commerce. Il publie \u00e9galement des ouvrages scolaires destin\u00e9s \u00e0 l'enseignement sup\u00e9rieur, mais aussi, par pure passion pour la gastronomie, des livres de cuisine !","sameAs":["https:\/\/thierry-derparseghian.com","https:\/\/fr.linkedin.com\/in\/thierry-der-parseghian"]}]}},"_links":{"self":[{"href":"https:\/\/thierry-derparseghian.com\/index.php?rest_route=\/wp\/v2\/pages\/926","targetHints":{"allow":["GET"]}}],"collection":[{"href":"https:\/\/thierry-derparseghian.com\/index.php?rest_route=\/wp\/v2\/pages"}],"about":[{"href":"https:\/\/thierry-derparseghian.com\/index.php?rest_route=\/wp\/v2\/types\/page"}],"author":[{"embeddable":true,"href":"https:\/\/thierry-derparseghian.com\/index.php?rest_route=\/wp\/v2\/users\/1"}],"replies":[{"embeddable":true,"href":"https:\/\/thierry-derparseghian.com\/index.php?rest_route=%2Fwp%2Fv2%2Fcomments&post=926"}],"version-history":[{"count":11,"href":"https:\/\/thierry-derparseghian.com\/index.php?rest_route=\/wp\/v2\/pages\/926\/revisions"}],"predecessor-version":[{"id":1453,"href":"https:\/\/thierry-derparseghian.com\/index.php?rest_route=\/wp\/v2\/pages\/926\/revisions\/1453"}],"wp:attachment":[{"href":"https:\/\/thierry-derparseghian.com\/index.php?rest_route=%2Fwp%2Fv2%2Fmedia&parent=926"}],"curies":[{"name":"wp","href":"https:\/\/api.w.org\/{rel}","templated":true}]}}